{"id":533,"date":"2024-11-06T14:33:08","date_gmt":"2024-11-06T17:33:08","guid":{"rendered":"https:\/\/institutoautobahn.com.br\/?page_id=533"},"modified":"2025-06-23T16:42:01","modified_gmt":"2025-06-23T19:42:01","slug":"willkommen","status":"publish","type":"page","link":"https:\/\/institutoautobahn.com.br\/","title":{"rendered":"Willkommen \/ Bem-vindo"},"content":{"rendered":"\n<p>Nossa filosofia no <a href=\"https:\/\/www.instagram.com\/institutoautobahn\/\">Instituto Autobahn<\/a> \u00e9 abrir as portas da Alemanha, \u00c1ustria e Su\u00ed\u00e7a para os alunos atrav\u00e9s de um aprendizado eficiente e divertido do idioma alem\u00e3o e da cultura alem\u00e3 moderna. Voc\u00ea ter\u00e1 aulas por uma plataforma online, nos formatos individual, em dupla ou em grupos de tr\u00eas ou quatro pessoas.<\/p>\n\n\n\n<figure class=\"wp-block-gallery has-nested-images columns-default is-cropped wp-block-gallery-1 is-layout-flex wp-block-gallery-is-layout-flex\">\n<figure class=\"wp-block-image size-large\"><img loading=\"lazy\" decoding=\"async\" width=\"1024\" height=\"678\" data-id=\"609\" src=\"https:\/\/institutoautobahn.com.br\/wp-content\/uploads\/2025\/03\/alex-1024x678.png\" alt=\"\" class=\"wp-image-609\" srcset=\"https:\/\/institutoautobahn.com.br\/wp-content\/uploads\/2025\/03\/alex-1024x678.png 1024w, https:\/\/institutoautobahn.com.br\/wp-content\/uploads\/2025\/03\/alex-300x199.png 300w, https:\/\/institutoautobahn.com.br\/wp-content\/uploads\/2025\/03\/alex-768x508.png 768w, https:\/\/institutoautobahn.com.br\/wp-content\/uploads\/2025\/03\/alex.png 1450w\" sizes=\"(max-width: 767px) 89vw, (max-width: 1000px) 54vw, (max-width: 1071px) 543px, 580px\" \/><\/figure>\n<\/figure>\n\n\n\n<p>Os professores <a href=\"https:\/\/institutoautobahn.com.br\/index.php\/professores\/\" data-type=\"page\" data-id=\"468\">Christine, Jeremy e Alex <\/a>trabalham com dedica\u00e7\u00e3o, qualidade e excel\u00eancia no ensino do idioma alem\u00e3o utilizando os m\u00e9todos mais modernos que existem para voc\u00ea avan\u00e7ar com velocidade e qualidade das famosas auto-estradas alem\u00e3s. Confira <a href=\"https:\/\/institutoautobahn.com.br\/index.php\/pagina-inicial\/\" data-type=\"page\" data-id=\"14\">nossos cursos<\/a>!<br>Me chame no Whatsapp para conhecer <\/p>\n\n\n\n<figure class=\"wp-block-image size-large\"><a href=\"https:\/\/api.whatsapp.com\/send?phone=+5532988655253&amp;text=Oi, estava no site do Autobahn e queria saber mais informa\u00e7\u00f5es sobre os cursos de alem\u00e3o.\"><img loading=\"lazy\" decoding=\"async\" width=\"48\" height=\"48\" src=\"http:\/\/institutoautobahn.com.br\/wp-content\/uploads\/2020\/01\/whatsapp.jpeg\" alt=\"\" class=\"wp-image-61\"\/><\/a><figcaption class=\"wp-element-caption\"><em>Marque um hor\u00e1rio para nos conhecer pelo Whatsapp v\u00eddeo +55 (32) 98865-5253<\/em><\/figcaption><\/figure>\n","protected":false},"excerpt":{"rendered":"<p>Nossa filosofia no Instituto Autobahn \u00e9 abrir as portas da Alemanha, \u00c1ustria e Su\u00ed\u00e7a para os alunos atrav\u00e9s de um aprendizado eficiente e divertido do idioma alem\u00e3o e da cultura alem\u00e3 moderna. Voc\u00ea ter\u00e1 aulas por uma plataforma online, nos formatos individual, em dupla ou em grupos de tr\u00eas ou quatro pessoas. Os professores Christine, &hellip; <\/p>\n<p class=\"link-more\"><a href=\"https:\/\/institutoautobahn.com.br\/\" class=\"more-link\">Continue lendo<span class=\"screen-reader-text\"> &#8220;Willkommen \/ Bem-vindo&#8221;<\/span><\/a><\/p>\n","protected":false},"author":1,"featured_media":0,"parent":0,"menu_order":0,"comment_status":"closed","ping_status":"closed","template":"","meta":{"_eb_attr":"","footnotes":""},"_links":{"self":[{"href":"https:\/\/institutoautobahn.com.br\/index.php\/wp-json\/wp\/v2\/pages\/533"}],"collection":[{"href":"https:\/\/institutoautobahn.com.br\/index.php\/wp-json\/wp\/v2\/pages"}],"about":[{"href":"https:\/\/institutoautobahn.com.br\/index.php\/wp-json\/wp\/v2\/types\/page"}],"author":[{"embeddable":true,"href":"https:\/\/institutoautobahn.com.br\/index.php\/wp-json\/wp\/v2\/users\/1"}],"replies":[{"embeddable":true,"href":"https:\/\/institutoautobahn.com.br\/index.php\/wp-json\/wp\/v2\/comments?post=533"}],"version-history":[{"count":13,"href":"https:\/\/institutoautobahn.com.br\/index.php\/wp-json\/wp\/v2\/pages\/533\/revisions"}],"predecessor-version":[{"id":713,"href":"https:\/\/institutoautobahn.com.br\/index.php\/wp-json\/wp\/v2\/pages\/533\/revisions\/713"}],"wp:attachment":[{"href":"https:\/\/institutoautobahn.com.br\/index.php\/wp-json\/wp\/v2\/media?parent=533"}],"curies":[{"name":"wp","href":"https:\/\/api.w.org\/{rel}","templated":true}]}}